t of 20658637?
3
What is the ten millions digit of 188444311?
8
What is the billions digit of 7098149065?
7
What is the tens digit of 4288648825?
2
What is the thousands digit of 386990517?
0
What is the units digit of 160243053?
3
What is the tens digit of 8466267?
6
What is the thousands digit of 1556543620?
3
What is the units digit of 137146536?
6
What is the tens digit of 214466930?
3
What is the ten millions digit of 654533580?
5
What is the hundred thousands digit of 40064495?
0
What is the units digit of 1063330825?
5
What is the tens digit of 1757249715?
1
What is the hundreds digit of 47723456?
4
What is the hundred thousands digit of 935684898?
6
What is the billions digit of 2669487212?
2
What is the ten millions digit of 33797098?
3
What is the units digit of 566637497?
7
What is the hundreds digit of 70120008?
0
What is the units digit of 1818814751?
1
What is the ten millions digit of 339433252?
3
What is the hundred millions digit of 241052627?
2
What is the tens digit of 4002975?
7
What is the hundred thousands digit of 60235025?
2
What is the ten thousands digit of 89334378?
3
What is the ten thousands digit of 1366193260?
9
What is the billions digit of 1962529334?
1
What is the millions digit of 4364618275?
4
What is the thousands digit of 83820265?
0
What is the millions digit of 1402171025?
2
What is the thousands digit of 1314740?
4
What is the units digit of 37108705?
5
What is the hundreds digit of 84070922?
9
What is the tens digit of 145034243?
4
What is the hundreds digit of 119299018?
0
What is the tens digit of 20484650?
5
What is the billions digit of 1854120229?
1
What is the millions digit of 110577448?
0
What is the ten millions digit of 64552066?
6
What is the tens digit of 21002916?
1
What is the millions digit of 23620981?
3
What is the ten thousands digit of 18010344?
1
What is the ten thousands digit of 39463169?
6
What is the units digit of 5734310739?
9
What is the units digit of 99362025?
5
What is the tens digit of 592629082?
8
What is the hundred thousands digit of 53415167?
4
What is the ten thousands digit of 3497194367?
9
What is the ten millions digit of 978251246?
7
What is the billions digit of 3631176857?
3
What is the hundred thousands digit of 6599049006?
0
What is the units digit of 460022748?
8
What is the thousands digit of 51894086?
4
What is the tens digit of 29478006?
0
What is the ten thousands digit of 355615497?
1
What is the units digit of 1738784053?
3
What is the tens digit of 156870526?
2
What is the hundred thousands digit of 37060839?
0
What is the ten thousands digit of 1714883073?
8
What is the ten thousands digit of 3513234664?
3
What is the units digit of 1213349?
9
What is the thousands digit of 75146329?
6
What is the hundreds digit of 83790822?
8
What is the hundreds digit of 45194907?
9
What is the hundred thousands digit of 1964285712?
2
What is the hundred millions digit of 753570171?
7
What is the ten thousands digit of 83268706?
6
What is the millions digit of 50843732?
0
What is the hundreds digit of 56621676?
6
What is the millions digit of 301011389?
1
What is the ten millions digit of 68462713?
6
What is the units digit of 845023896?
6
What is the millions digit of 4257216667?
7
What is the ten thousands digit of 68609869?
0
What is the tens digit of 2670635143?
4
What is the ten thousands digit of 6916512696?
1
What is the thousands digit of 466701648?
1
What is the hundred millions digit of 125655023?
1
What is the ten thousands digit of 1680566512?
6
What is the ten thousands digit of 18483018?
8
What is the hundred thousands digit of 299972390?
9
What is the millions digit of 36745801?
6
What is the hundred thousands digit of 330215842?
2
What is the hundred millions digit of 245400071?
2
What is the millions digit of 89264031?
9
What is the ten thousands digit of 16347769?
4
What is the hundred thousands digit of 29235169?
2
What is the hundreds digit of 4530502727?
7
What is the hundreds digit of 8249001?
0
What is the units digit of 1155693614?
4
What is the hundred thousands digit of 2562528890?
5
What is the hundred thousands digit of 12971684?
9
What is the ten millions digit of 61802131?
6
What is the hundred thousands digit of 455736778?
7
What is the units digit of 550687580?
0
What is the millions digit of 1701513463?
1
What is the hundreds digit of 5234102683?
6
What is the hundred millions digit of 134825262?
1
What is the thousands digit of 3781156409?
6
What is the ten thousands digit of 1904093148?
9
What is the units digit of 480170877?
7
What is the ten thousands digit of 84944094?
4
What is the hundred thousands digit of 60224840?
2
What is the ten millions digit of 27138559?
2
What is the tens digit of 133185391?
9
What is the hundred millions digit of 1321617072?
3
What is the ten millions digit of 74735935?
7
What is the millions digit of 44149288?
4
What is the tens digit of 3732108811?
1
What is the millions digit of 65463555?
5
What is the hundreds digit of 102810?
8
What is the tens digit of 30993771?
7
What is the millions digit of 433864885?
3
What is the hundred millions digit of 7743256996?
7
What is the billions digit of 2694967743?
2
What is the ten millions digit of 67279655?
6
What is the units digit of 147451400?
0
What is the ten millions digit of 3549359876?
4
What is the tens digit of 2260785140?
4
What is the units digit of 281351328?
8
What is the thousands digit of 3802541471?
1
What is the units digit of 96969070?
0
What is the thousands digit of 1061834038?
4
What is the tens digit of 1542910381?
8
What is the hundred millions digit of 771879021?
7
What is the millions digit of 37327114?
7
What is the ten millions digit of 413353472?
1
What is the ten thousands digit of 344184565?
8
What is the thousands digit of 141263819?
3
What is the ten thousands digit of 555264982?
6
What is the thousands digit of 138852228?
2
What is the millions digit of 49110887?
9
What is the hundreds digit of 318375052?
0
What is the tens digit of 1170699067?
6
What is the ten thousands digit of 16133341?
3
What is the ten thousands digit of 53851175?
5
What is the hundred millions digit of 127041830?
1
What is the hundreds digit of 102127712?
7
What is the millions digit of 189835918?
9
What is the hundred millions digit of 1120562818?
1
What is the units digit of 4844541209?
9
What is the hundred millions digit of 130341127?
1
What is the hundreds digit of 5818550?
5
What is the tens digit of 1731595106?
0
What is the units digit of 74128663?
3
What is the hundred thousands digit of 130994376?
9
What is the ten thousands digit of 172783186?
8
What is the tens digit of 25315001?
0
What is the millions digit of 19781950?
9
What is the hundreds digit of 231701542?
5
What is the millions digit of 512632014?
2
What is the hundred thousands digit of 1005020811?
0
What is the hundred thousands digit of 501232909?
2
What is the millions digit of 56621787?
6
What is the ten thousands digit of 51203135?
0
What is the billions digit of 1113693533?
1
What is the hundred millions digit of 432168284?
4
What is the ten millions digit of 5919046188?
1
What is the ten millions digit of 1922048868?
2
What is the units digit of 191134938?
8
What is the ten thousands digit of 170068275?
6
What is the ten thousands digit of 1191420834?
2
What is the hundred thousands digit of 22194627?
1
What is the hundred millions digit of 581092876?
5
What is the millions digit of 632075686?
2
What is the ten millions digit of 166625685?
6
What is the hundred millions digit of 781006764?
7
What is the tens digit of 2585092415?
1
What is the tens digit of 1200115167?
6
What is the hundreds digit of 494007944?
9
What is the tens digit of 10633777?
7
What is the hundreds digit of 174017082?
0
What is the millions digit of 10961969?
0
What is the tens digit of 58638674?
7
What is the thousands digit of 1640209800?
9
What is the hundred thousands digit of 217861183?
8
What is the hundred thousands digit of 81811225?
8
What is the millions digit of 438201389?
8
What is the tens digit of 126774266?
6
What is the hundred millions digit of 1932131032?
9
What is the billions digit of 1531818188?
1
What is the tens digit of 1137713716?
1
What is the thousands digit of 48871373